0
What is the hundred millions digit of 130814741?
1
What is the hundreds digit of 109430830?
8
What is the ten millions digit of 235363879?
3
What is the units digit of 17107491?
1
What is the thousands digit of 2461208?
1
What is the tens digit of 1690293317?
1
What is the ten thousands digit of 60355672?
5
What is the hundred thousands digit of 88068693?
0
What is the ten thousands digit of 33802399?
0
What is the ten thousands digit of 272978543?
7
What is the millions digit of 37974981?
7
What is the ten thousands digit of 5922736947?
3
What is the millions digit of 1015857044?
5
What is the tens digit of 44968527?
2
What is the ten thousands digit of 55059972?
5
What is the thousands digit of 962177041?
7
What is the billions digit of 2688689274?
2
What is the thousands digit of 153345539?
5
What is the ten thousands digit of 194805969?
0
What is the tens digit of 19994485?
8
What is the units digit of 6952785?
5
What is the billions digit of 1101569575?
1
What is the ten thousands digit of 252387806?
8
What is the units digit of 2526003698?
8
What is the ten thousands digit of 3275709630?
0
What is the thousands digit of 4098823652?
3
What is the tens digit of 71976132?
3
What is the millions digit of 100242959?
0
What is the hundred thousands digit of 38180967?
1
What is the hundreds digit of 270492879?
8
What is the ten thousands digit of 134018251?
1
What is the billions digit of 1149760881?
1
What is the hundreds digit of 1009048294?
2
What is the ten thousands digit of 218323089?
2
What is the millions digit of 139600230?
9
What is the millions digit of 3468317?
3
What is the hundred thousands digit of 39694848?
6
What is the ten millions digit of 40692606?
4
What is the hundreds digit of 23485748?
7
What is the ten millions digit of 2723710422?
2
What is the thousands digit of 237009298?
9
What is the units digit of 85353725?
5
What is the millions digit of 41405205?
1
What is the hundreds digit of 69431104?
1
What is the ten thousands digit of 16345073?
4
What is the hundreds digit of 31716859?
8
What is the ten millions digit of 61429320?
6
What is the tens digit of 1281647580?
8
What is the millions digit of 201754190?
1
What is the millions digit of 9670216?
9
What is the ten thousands digit of 110330170?
3
What is the ten thousands digit of 23535320?
3
What is the hundreds digit of 524458574?
5
What is the millions digit of 274444660?
4
What is the tens digit of 200158873?
7
What is the ten thousands digit of 10272526?
7
What is the thousands digit of 36771704?
1
What is the hundred thousands digit of 574665179?
6
What is the ten millions digit of 245701204?
4
What is the tens digit of 275595003?
0
What is the thousands digit of 170174342?
4
What is the units digit of 298116853?
3
What is the tens digit of 14647360?
6
What is the hundreds digit of 102259?
2
What is the thousands digit of 46197175?
7
What is the hundreds digit of 33035160?
1
What is the ten thousands digit of 53487154?
8
What is the ten thousands digit of 33708093?
0
What is the millions digit of 1767217759?
7
What is the millions digit of 18568077?
8
What is the tens digit of 22695678?
7
What is the ten thousands digit of 1809585545?
8
What is the hundred millions digit of 237299937?
2
What is the millions digit of 205370614?
5
What is the tens digit of 2840791391?
9
What is the hundred millions digit of 222009069?
2
What is the millions digit of 772578157?
2
What is the units digit of 325921975?
5
What is the ten millions digit of 126399287?
2
What is the hundreds digit of 32701152?
1
What is the tens digit of 469417847?
4
What is the hundreds digit of 55498257?
2
What is the ten thousands digit of 2225969999?
6
What is the ten millions digit of 25188079?
2
What is the hundreds digit of 397051247?
2
What is the millions digit of 30541875?
0
What is the thousands digit of 18020112?
0
What is the tens digit of 4794901207?
0
What is the tens digit of 2040069298?
9
What is the billions digit of 4048238012?
4
What is the ten millions digit of 295304193?
9
What is the tens digit of 40010373?
7
What is the units digit of 2708532528?
8
What is the hundreds digit of 2884775584?
5
What is the tens digit of 724869855?
5
What is the units digit of 343728923?
3
What is the millions digit of 124602142?
4
What is the hundred thousands digit of 499224257?
2
What is the units digit of 5553768?
8
What is the ten millions digit of 61004487?
6
What is the millions digit of 104219417?
4
What is the tens digit of 3344955?
5
What is the units digit of 274256931?
1
What is the tens digit of 34595994?
9
What is the tens digit of 165508634?
3
What is the ten millions digit of 386587454?
8
What is the hundreds digit of 572085043?
0
What is the hundreds digit of 159208749?
7
What is the hundreds digit of 42282346?
3
What is the hundred thousands digit of 24804367?
8
What is the units digit of 8465579451?
1
What is the hundred thousands digit of 234130611?
1
What is the ten thousands digit of 4465890015?
9
What is the hundreds digit of 7803244?
2
What is the thousands digit of 40390454?
0
What is the hundred thousands digit of 26058436?
0
What is the hundreds digit of 383542562?
5
What is the hundred millions digit of 293261282?
2
What is the millions digit of 112510331?
2
What is the tens digit of 41904658?
5
What is the ten thousands digit of 4701332?
0
What is the hundreds digit of 661820369?
3
What is the tens digit of 131340763?
6
What is the tens digit of 897840487?
8
What is the ten thousands digit of 77486224?
8
What is the tens digit of 6210527?
2
What is the hundreds digit of 54090693?
6
What is the units digit of 103831456?
6
What is the thousands digit of 34632286?
2
What is the millions digit of 388880354?
8
What is the millions digit of 110759318?
0
What is the hundred thousands digit of 39904129?
9
What is the millions digit of 41851587?
1
What is the hundred thousands digit of 1629889891?
8
What is the ten thousands digit of 4790101211?
0
What is the units digit of 1091944274?
4
What is the thousands digit of 12465756?
5
What is the hundreds digit of 11366509?
5
What is the hundreds digit of 399845755?
7
What is the millions digit of 47459876?
7
What is the hundreds digit of 4298543281?
2
What is the hundreds digit of 1255062160?
1
What is the millions digit of 5057052?
5
What is the hundred millions digit of 113584066?
1
What is the tens digit of 163533604?
0
What is the units digit of 2844014782?
2
What is the units digit of 98094219?
9
What is the millions digit of 2425250620?
5
What is the ten millions digit of 15580124?
1
What is the hundreds digit of 133750987?
9
What is the units digit of 21940043?
3
What is the hundred millions digit of 760127485?
7
What is the millions digit of 276205316?
6
What is the hundreds digit of 317828457?
4
What is the thousands digit of 108478529?
8
What is the tens digit of 1513258654?
5
What is the millions digit of 9060292?
9
What is the hundreds digit of 794897427?
4
What is the hundred thousands digit of 1160693?
1
What is the hundred thousands digit of 1929564339?
5
What is the tens digit of 31071503?
0
What is the hundreds digit of 52147243?
2
What is the ten thousands digit of 83045361?
4
What is the thousands digit of 59087790?
7
What is the thousands digit of 409296266?
6
What is the units digit of 66568869?
9
What is the tens digit of 12457609?
0
What is the millions digit of 5069107?
5
What is the hundred millions digit of 1057861443?
0
What is the billions digit of 5195719172?
5
What is the tens digit of 105328651?
5
What is the hundreds digit of 579578095?
0
What is the ten millions digit of 1461966573?
6
What is the hundreds digit of 42963788?
7
What is the ten thousands digit of 693734342?
3
What is the hundred millions digit of 1911569578?
9
What is the hundred thousands digit of 40444470?
4
What is the ten millions digit of 3505377011?
0
What is the hundred millions digit of 469010162?
4
What is the ten thousands digit of 403971?
0
What is the tens digit of 566693921?
2
What is the hundred millions digit of 937097654?
9
What is the ten thousands digit of 41672699?
7
What is the millions digit of 1045067758?
5
What is the units digit of 965794676?
6
What is the millions digit of 4174182461?
4
What is the units dig